{"id":57,"date":"2015-06-11T09:44:38","date_gmt":"2015-06-11T07:44:38","guid":{"rendered":"http:\/\/localhost\/medicinapersona\/?page_id=57"},"modified":"2018-01-04T20:14:10","modified_gmt":"2018-01-04T19:14:10","slug":"chi-siamo","status":"publish","type":"page","link":"https:\/\/medicinaepersona.ch\/index.php\/chi-siamo\/","title":{"rendered":"Chi siamo"},"content":{"rendered":"<p>[et_pb_section fullwidth=&#8221;off&#8221; specialty=&#8221;off&#8221; background_color=&#8221;#fcf6ed&#8221; inner_shadow=&#8221;on&#8221; parallax=&#8221;off&#8221; transparent_background=&#8221;off&#8221; allow_player_pause=&#8221;off&#8221; parallax_method=&#8221;off&#8221;][et_pb_row][et_pb_column type=&#8221;2_3&#8243;][et_pb_text admin_label=&#8221;Testo&#8221; background_layout=&#8221;light&#8221; text_orientation=&#8221;left&#8221; use_border_color=&#8221;off&#8221; border_color=&#8221;#ffffff&#8221; border_style=&#8221;solid&#8221;]<\/p>\n<h2>Chi siamo?<\/h2>\n<p><strong>Presentazione:<\/strong><\/p>\n<p>Medicina &amp; Persona intende promuovere i valori di libert\u00e0, professionalit\u00e0, sussidiariet\u00e0 e attenzione ai bisogni della persona nel settore sanitario. Essa si propone quindi di fornire strumenti culturali ed informativi adeguati ad approfondire le motivazioni originali dell\u2019attivit\u00e0 professionale.<\/p>\n<p>Per questo intende:<\/p>\n<ul>\n<li>promuovere una conoscenza ed un giudizio critico sul contesto sociale e lavorativo in cui sono quotidianamente impegnati gli operatori sanitari;<\/li>\n<li>favorire incontri tra esperienze umane e professionali significative, caratterizzate da una passione per l\u2019autenticit\u00e0 dell\u2019esperienza dell\u2019uomo nell\u2019ambito sanitario.<\/li>\n<\/ul>\n<p>L\u2019associazione si riconosce nei valori e nei principi che guidano l\u2019attivit\u00e0 dell\u2019associazione Compagnia delle Opere con sede in Milano, alla quale aderisce con riferimento specifico al settore sanitario. L\u2019associazione collabora con l\u2019omonima Medicina e Persona italiana.<\/p>\n<p><strong>Statuti e organi:<\/strong><\/p>\n<p>Medicina e Persona Svizzera \u00e8 stata fondata nel marzo 2006.<br \/>\nIl presidente in carica dal 2014 \u00e8 <strong>Claudio Foletti<\/strong>.<br \/>\nScarica gli <a href=\"https:\/\/medicinaepersona.ch\/wp-content\/uploads\/2015\/06\/medicinaepersona_statuti.pdf\" target=\"_blank\" rel=\"noopener\">statuti dell\u2019Associazione<\/a> (PDF, 145 KB)<\/p>\n<p>[\/et_pb_text][\/et_pb_column][et_pb_column type=&#8221;1_3&#8243;][et_pb_image admin_label=&#8221;Immagine&#8221; src=&#8221;https:\/\/medicinaepersona.ch\/wp-content\/uploads\/2015\/06\/rilievo.jpg&#8221; show_in_lightbox=&#8221;off&#8221; url_new_window=&#8221;off&#8221; animation=&#8221;off&#8221; sticky=&#8221;off&#8221; align=&#8221;left&#8221; force_fullwidth=&#8221;off&#8221; always_center_on_mobile=&#8221;on&#8221; use_border_color=&#8221;off&#8221; border_color=&#8221;#ffffff&#8221; border_style=&#8221;solid&#8221; \/][\/et_pb_column][\/et_pb_row][\/et_pb_section]<\/p>\n","protected":false},"excerpt":{"rendered":"<p>[et_pb_section fullwidth=&#8221;off&#8221; specialty=&#8221;off&#8221; background_color=&#8221;#fcf6ed&#8221; inner_shadow=&#8221;on&#8221; parallax=&#8221;off&#8221; transparent_background=&#8221;off&#8221; allow_player_pause=&#8221;off&#8221; parallax_method=&#8221;off&#8221;][et_pb_row][et_pb_column type=&#8221;2_3&#8243;][et_pb_text admin_label=&#8221;Testo&#8221; background_layout=&#8221;light&#8221; text_orientation=&#8221;left&#8221; use_border_color=&#8221;off&#8221; border_color=&#8221;#ffffff&#8221; border_style=&#8221;solid&#8221;] Chi siamo? Presentazione: Medicina &amp; Persona intende promuovere i valori di libert\u00e0, professionalit\u00e0, sussidiariet\u00e0 e attenzione ai bisogni della persona nel settore sanitario. Essa si propone quindi di fornire strumenti culturali ed informativi adeguati ad approfondire le motivazioni originali [&hellip;]<\/p>\n","protected":false},"author":1,"featured_media":0,"parent":0,"menu_order":0,"comment_status":"closed","ping_status":"open","template":"","meta":{"_et_pb_use_builder":"on","_et_pb_old_content":"","_et_gb_content_width":""},"_links":{"self":[{"href":"https:\/\/medicinaepersona.ch\/index.php\/wp-json\/wp\/v2\/pages\/57"}],"collection":[{"href":"https:\/\/medicinaepersona.ch\/index.php\/wp-json\/wp\/v2\/pages"}],"about":[{"href":"https:\/\/medicinaepersona.ch\/index.php\/wp-json\/wp\/v2\/types\/page"}],"author":[{"embeddable":true,"href":"https:\/\/medicinaepersona.ch\/index.php\/wp-json\/wp\/v2\/users\/1"}],"replies":[{"embeddable":true,"href":"https:\/\/medicinaepersona.ch\/index.php\/wp-json\/wp\/v2\/comments?post=57"}],"version-history":[{"count":3,"href":"https:\/\/medicinaepersona.ch\/index.php\/wp-json\/wp\/v2\/pages\/57\/revisions"}],"predecessor-version":[{"id":1175,"href":"https:\/\/medicinaepersona.ch\/index.php\/wp-json\/wp\/v2\/pages\/57\/revisions\/1175"}],"wp:attachment":[{"href":"https:\/\/medicinaepersona.ch\/index.php\/wp-json\/wp\/v2\/media?parent=57"}],"curies":[{"name":"wp","href":"https:\/\/api.w.org\/{rel}","templated":true}]}}